46)/14 is divided by 391?
14
Suppose 44*x = 33*x + 4433. Let a = 439 - x. Calculate the remainder when a is divided by 13.
10
Let p(d) = -13*d**2 - 11*d + 57. Let l(w) = 37*w**2 + 32*w - 170. Let n(o) = 6*l(o) + 17*p(o). What is the remainder when 17 is divided by n(-11)?
2
Let r = 178 - 59. Let t = 220 - r. What is the remainder when t is divided by 26?
23
Suppose s = 4*s + 2*t - 96, t = -3*s + 99. Suppose 38*x - s*x - 96 = 0. Calculate the remainder when 214 is divided by x.
22
Let w(i) = -4*i**2 + 442*i - 178. What is the remainder when w(110) is divided by 27?
15
Suppose 39*w - 81 - 185 = -94*w. Let m = -28 - -44. Calculate the remainder when m is divided by w.
0
Let l = -1020 - -1092. What is the remainder when l is divided by 5/(-10)*-16*3?
0
Suppose 10*u - 782 - 1058 = 0. Calculate the remainder when u is divided by 174.
10
Suppose -3*k + 185 = a, -k - 580 + 45 = -3*a. What is the remainder when a is divided by 7?
4
Let z(b) be the second derivative of -b**3/6 + 11*b**2 - 27*b + 2. Calculate the remainder when z(-5) is divided by (-4 + 2 - -4) + 14.
11
Let o = -1064 + 1077. Let m(p) = -3*p - 1. Let t be m(-1). Calculate the remainder when t - (-88 + 0) - 1 is divided by o.
11
Let w(t) = -9*t**2 + 68*t + 44. Calculate the remainder when 1961 is divided by w(8).
5
Suppose 4*w + 2*f = -11 - 3, -4 = -w - 3*f. Calculate the remainder when 18 is divided by w/(6 - (-28)/(-4)).
3
Suppose 0 = 3*d - z - 898, 0 = -3*z + 454 - 457. What is the remainder when 1452 is divided by d?
256
Let s(z) = 24*z - 1017. Calculate the remainder when 941 is divided by s(43).
11
Suppose -51*f - 5*x = -47*f - 10885, 3*f = -2*x + 8176. What is the remainder when f is divided by 906?
12
Let j(y) = 5*y**2 - y**2 - 9*y**2 + 3*y**2 + 28*y + 3. Let u be j(14). Suppose -u*v + 65 = -40. Calculate the remainder when 57 is divided by v.
22
Let o(t) = 1029*t + 102. Let f be o(1). Let w = -1120 + f. What is the remainder when 2/(-10) - (-151)/5 is divided by w?
8
Let x(j) = -j**2 - 27*j - 19. Let r be x(-25). Let i = -22 + r. What is the remainder when i is divided by 3/(-2)*(0 - 4)?
3
Let o = -4997 - -5075. What is the remainder when 239 is divided by o?
5
Let o = -94 - -192. Let m(p) = 4*p**2 + 49*p + 59. Let y be m(-14). Let f = y - o. What is the remainder when f is divided by 16?
11
Suppose h - 4*h + b + 44 = 0, -4*h + 4*b + 72 = 0. Let f = h + -19. Calculate the remainder when (3 - (1 - f))*-13 is divided by 14.
10
Calculate the remainder when 323 is divided by (1/(-1))/(3150/(-1044) + 3).
33
Let f(k) = -2*k**2 - 157*k - 2459. Suppose 2*h - 297 = -2*o + h, -12 = 4*h. What is the remainder when o is divided by f(-22)?
15
Let f(b) = -51 - b + 14*b**2 + 51 + 4*b. Suppose 48 = 4*u - 20. What is the remainder when f(2) is divided by u?
11
Let r(g) = 2*g**2 - 8*g - 8. Let q be r(-1). What is the remainder when 187 is divided by -6 + 24 + 5 - q?
19
Let o = 14596 - 14590. What is the remainder when 9 is divided by o?
3
Let h(n) = 2*n**2 + 73*n - 77. What is the remainder when h(8) is divided by 165?
140
Suppose 4*h + 428 - 436 = 0. Suppose y - j - 51 = h*j, -2*j = -2*y + 90. Calculate the remainder when 206 is divided by y.
38
Suppose -4*p = -3*d + 34464, -4*d - 3*p = d - 57411. Calculate the remainder when d/108 + 2/3 is divided by 22.
19
Suppose 236*d + 104*d - 12054 = 39966. What is the remainder when 295 is divided by d?
142
Suppose 3*m + 0*m + 5*n = 50, -4*m + 48 = 2*n. What is the remainder when 5/m*-10 + 3 + 210 is divided by 71?
66
Suppose -p = 3*w - 1377, 4*w = 6*w - 5*p - 935. Let g = w + -446. What is the remainder when (-41 + 0)/((-2)/4) is divided by g?
12
Calculate the remainder when 364 - (-1 - -1) - 1904/272 is divided by 72.
69
Suppose 0 = 31*d - 2770 - 10870. Suppose -392*q + 397*q = d. Calculate the remainder when q is divided by 13.
10
Let s(f) = -f**3 - 20*f**2 - 24*f - 12. Let z be s(-19). Suppose -13*k - z = -1396. Calculate the remainder when k is divided by 51.
50
Calculate the remainder when (0/(-1) - -8)*8 is divided by 66/8*(25 - 536/24).
20
Let j be 3/(1 + 1 - -1). Suppose 40 = 2*n + 2*g, -26 = -n - 0*n + 2*g. What is the remainder when (1/j - (3 - 1))*-43 is divided by n?
21
Suppose 4*o - 32 = -3*u - 2*u, -o + 19 = 4*u. Suppose -2*t + 4*x = -25 + 13, 28 = o*t - x. Calculate the remainder when 39 is divided by t.
9
Calculate the remainder when (705/(-20))/((-78)/416) is divided by 12.
8
Suppose f + f - 5*x = 115, -x = -4*f + 221. Let v(s) = 1418*s - 8072. What is the remainder when v(6) is divided by f?
51
Suppose -11*u = -19*u + 2400. Suppose -11*c = -107 - u. What is the remainder when 137 is divided by c?
26
Let v = -849 - -927. Suppose 56*d + 264 = v*d. Calculate the remainder when 646 is divided by d.
10
Let u(j) be the second derivative of j**4/12 - j**3/6 + 7*j**2 + 7*j - 7. What is the remainder when u(7) is divided by 17?
5
Let a = -3891 + 3908. Suppose -77 = -2*g + 15. Calculate the remainder when g is divided by a.
12
Suppose 19*d = 10*d + 423. Calculate the remainder when 447 is divided by (1 + d)*36/54.
31
Suppose -5*u + 5*s = 0, 0*s - 5*s + 35 = 2*u. Suppose -q + 0*q = 4*h - 21, 0 = 4*q + u*h - 73. Calculate the remainder when 235 is divided by q.
14
Let u be ((-4)/(-6))/(6/(-27)). What is the remainder when (u - 3) + 2 - -85 is divided by (81/45 - -3)/((-2)/(-5))?
9
Let a(q) = -q**3 - 7*q**2 - 4*q + 18. What is the remainder when 8/5*(-20)/(-28)*7 is divided by a(-6)?
2
Suppose 0*b = -12*b + 60. Suppose -3*o - b*s = -4*o - 10, -20 = -5*s. Calculate the remainder when o is divided by 7.
3
Let z(s) = s**3 + s**2 + 2. Let v be z(-2). Let j be 24/60 + (86/(-5))/v. Suppose -j*g + 16*g = 35. What is the remainder when 8 is divided by g?
3
Let k be (-28)/70 + (-22)/(-5). Suppose 0 = -y + 2*y + k*i + 6, 0 = 5*y + i - 46. What is the remainder when 25 is divided by y?
5
Let v = 611 + -586. Suppose -3*q = -6*q + 69. Calculate the remainder when v is divided by q.
2
Let k(g) = g**3 + 19*g**2 + 5*g - 8. Let l(r) = r**3 - 8*r**2 - r + 6. What is the remainder when k(-4) is divided by l(9)?
56
Let y = -19313 - -20498. What is the remainder when y is divided by 2?
1
Let q = 73 - 66. What is the remainder when (-3*(-786)/27)/(32/48) is divided by q?
5
Let m(x) = 2*x**3 + 5*x + 2*x**2 + 5*x - 20*x**2 + 8*x - 4*x**3. Let a(d) = 6*d - 4. What is the remainder when a(6) is divided by m(-10)?
12
Let u = -31 + 20. Let p = 4623 + -4610. Let g = u + p. Calculate the remainder when 9 is divided by g.
1
Suppose q = -4*o + 256, -3*q - 16 = -o + 48. Suppose -o*j - j + 845 = 0. What is the remainder when 60 is divided by j?
8
Calculate the remainder when 1/(3/3300)*72/96 is divided by 262.
39
Suppose -77*r - 11866 = 92*r - 203174. Calculate the remainder when r is divided by 17.
10
Suppose 10*z = 11*z + 240. Let y = z + 372. What is the remainder when y is divided by (-48 + 63)/(7/(-3))*-7?
42
Let t(q) be the third derivative of 17*q**6/120 - q**5/60 + 5*q**4/24 - q**3/2 - 64*q**2. What is the remainder when 50 is divided by t(1)?
14
Let m = -4059 + 4324. What is the remainder when m is divided by 93?
79
Let d = 18 - 42. Let y = d + 26. Suppose -3*b - 2*r + 171 = 0, -3*b + 2*r + 49 = -y*b. Calculate the remainder when b is divided by 15.
10
Suppose 15469 = -205*h + 220*h + 1414. Calculate the remainder when h is divided by 35.
27
Let c(y) = 7*y - 11. Let u(z) = -6*z + 11. Let v(q) = -4*c(q) - 5*u(q). Suppose n = 3*g + 8 - 24, g - 2 = n. Calculate the remainder when 3 is divided by v(g).
0
Let a be 8/(-6)*(-41 + -4). Let i = -69 + a. Let o(h) = -8*h - 15. Calculate the remainder when o(i) is divided by 15.
12
Let h = 97 - 94. Suppose 0 = -n + h*g + 128, -3*n - g + 439 = g. Calculate the remainder when n is divided by 12.
11
Suppose -5*n + 225 = 5*g - 185, -2*n + 159 = -3*g. Suppose -3*d = d - 56. Calculate the remainder when n is divided by d.
11
Let y be (-6)/8 + 125/(-4). Let g = -7 - y. Let t = g + -10. What is the remainder when 27 is divided by t?
12
Suppose -79*i + 83*i = a - 21, -3*a = -i - 41. Suppose -x - 2 = -117. What is the remainder when x is divided by a?
11
Let p be 2*1/2*2. Suppose -p*d - 2*d + 36 = 0. Suppose -3*b + 4*t = -40, -19186*b - 2*t - 4 = -19187*b. What is the remainder when b is divided by d?
5
Let g(y) = -2*y - 32. Let d be g(-17). 